rs of m?
11
Let j(g) = -g**3 + 7*g**2 + 7*g + 6. Let h be j(8). Let r be (-173)/(-7) + h/(-7). Suppose -r + 65 = 4*u. What are the prime factors of u?
2, 5
Let x(h) be the second derivative of -4/3*h**3 - 1/20*h**5 - 3*h + 0 - 5/2*h**2 - 1/2*h**4. List the prime factors of x(-5).
2, 5
Suppose -p + 0*p = 0. Let m be -1*(-1)/(-2)*p. List the prime factors of (-15 + m)*12/(-18).
2, 5
Let m be ((-16)/6)/(-4)*-3. Let i(h) = -4*h - 3. Let d be i(m). Suppose -3*s = t - 40 + d, -51 = -4*s + 3*t. What are the prime factors of s?
2, 3
Let h(u) = 14*u**2 + u. What are the prime factors of h(-1)?
13
Suppose 0 = 2*v - 4*l - 20, -2*v - 3*v = 5*l + 10. Suppose 0 = -3*c - 2*c + v*n - 102, -83 = 4*c - 3*n. What are the prime factors of ((-4)/5)/(8/c)?
2
Suppose 22 - 5 = r. List the prime factors of r.
17
Suppose 0 = 5*v + 84 - 469. List the prime factors of v.
7, 11
Let x(c) = -c**3 + 4*c**2 + 4*c + 6. Let u be x(5). Let t be 11/(-4)*(u - -7). Let f = t + 33. List the prime factors of f.
11
Let i(p) = p**2 + 6*p - 13. Let z(f) = -f**2 - 6*f - 4. Let l be z(-5). Let u be (17 + 1)*l/(-2). What are the prime factors of i(u)?
2, 7
Suppose -2*f - 4*z + 178 = 0, -5*f + 0*f + 457 = -2*z. What are the prime factors of f?
7, 13
Suppose 11*t + 1606 = 22*t. List the prime factors of t.
2, 73
Suppose 0*n = -n. Let s(y) = -y**3 - y + 8. Let b be s(n). Let o = b - 0. List the prime factors of o.
2
Let d(v) = -v + 27. List the prime factors of d(0).
3
Let y = 79 - 27. List the prime factors of y.
2, 13
Let q(x) = x**3 - 8*x - 2*x**2 + 2 + 0*x + 6*x**2. Let p be q(-6). Let g = -13 - p. What are the prime factors of g?
3
Let a be -2*(-4)/16*6. Suppose -a*x + 5*k + 75 = 0, 17 = -0*x + x + k. List the prime factors of x.
2, 5
Let x = -4 - -6. List the prime factors of x.
2
Let k(p) be the third derivative of p**5/30 + 5*p**4/24 + p**3 + p**2. Suppose -5*w + 2 - 22 = 0. What are the prime factors of k(w)?
2, 3
Suppose -5*a = -6*a + 90. List the prime factors of a.
2, 3, 5
Suppose -4*l - 132 = -7*l. Suppose -40 = -4*d + l. What are the prime factors of d?
3, 7
Suppose -5*a - g + 29 = -4*g, -13 = -3*a + 4*g. Let d = a - 1. What are the prime factors of d?
2, 3
Let q = 145 + -80. Suppose -5*g + 0*p + q = 5*p, 0 = -2*g + 2*p + 6. List the prime factors of g.
2
Suppose 17 = -4*o - 3. Let r(j) = -2*j - 3. List the prime factors of r(o).
7
Suppose 3*x + 0*x - 3 = 0. Suppose -f - x = -2*f. Let z = f - -19. List the prime factors of z.
2, 5
Let o = 126 + -64. What are the prime factors of o?
2, 31
Suppose 3*c - 110 = -14. List the prime factors of c.
2
Suppose 2*h = -2*t - 3*t + 26, -2*h + 5*t + 26 = 0. Let y be (h/(-2))/(2/(-4)). Suppose -2*r + 11 + y = 0. What are the prime factors of r?
2, 3
List the prime factors of (249 - 0)*(-1)/(-3).
83
Let t = 5 + 19. Let n be 0/(-1 + 0 + 3). Suppose n = b - 0*b + 2*r - t, 5*b + 2*r - 112 = 0. What are the prime factors of b?
2, 11
Suppose -4*p + 6 = 2*r, -2*r - r - 5*p + 8 = 0. Let x(j) = -j**3 + 0 + 0 - j + 5*j**2 - r - j. List the prime factors of x(3).
11
Let i be (-2 - -3)*(1 - 1). Suppose 10 = v - i*v. List the prime factors of v.
2, 5
Suppose -27*a = -22*a - 175. What are the prime factors of a?
5, 7
Let f be (-3)/(2 + -1 - 2). Suppose -s + 0*k + k - 2 = 0, -8 = 2*s - f*k. What are the prime factors of s?
2
Let r be (-25)/(-2)*6/5. Let i = r - 6. List the prime factors of i.
3
Suppose 6*j - 2*j + 3*f - 3 = 0, -2*j - 5*f - 9 = 0. Suppose 14 = j*s - 19. List the prime factors of s.
11
Let u = -7 - -6. Let f = 6 - u. What are the prime factors of f?
7
Let o(b) = 2*b + 1. Suppose 7*a - 4*a = 18. List the prime factors of o(a).
13
Suppose -26 - 90 = -4*d - 2*i, 50 = 2*d + 3*i. Suppose -2*j + d = -11. List the prime factors of j.
3, 7
Let v be (2/(-8) + (-8)/32)*0. Let j(l) = -l**2 - l + 2*l - l**3 + 6 + 0*l**3. List the prime factors of j(v).
2, 3
Let j(g) = -2*g**3 - g**2 + 5*g + 2. What are the prime factors of j(-3)?
2
List the prime factors of 15/(((-4)/6)/(-2)).
3, 5
Let k be (-6)/(1/8*-3). Let l = k - 4. What are the prime factors of l?
2, 3
Let j(h) = 2*h**2 + 3*h + 1. Let k be j(-2). Let v = k - -3. List the prime factors of v.
2, 3
Suppose -20 - 10 = -2*t. What are the prime factors of t/(-10) + (-13)/(-2)?
5
Suppose -5*v - 4*x = 20, -2*v + v - 4*x = 20. Suppose -2*f + 32 = -v*f. What are the prime factors of f?
2
Let t(j) = 3*j**2 + j - 3. Let g = -1 + 4. Let v be t(g). List the prime factors of (v/(-6))/(3/(-8)).
2, 3
Let t(r) = 5*r + 12. Let y(j) = 6*j + 12. Let v(w) = 7*t(w) - 6*y(w). Suppose 2*q = -3*q. List the prime factors of v(q).
2, 3
Let k(w) = -w**3 - 6*w**2 - 5*w + 9. List the prime factors of k(-6).
3, 13
Suppose 7 + 4 = -i. Let r = i + 22. List the prime factors of r.
11
Let g = 0 - 0. Suppose 3*p - o + 2 = g, 2*o - 9 = 4*p + 7*o. Let w(n) = 6*n**2 + n + 1. What are the prime factors of w(p)?
2, 3
Let m = -7 + 12. Let j(n) = -m + 1 + 1 + 4*n + 2*n**2 - 2. What are the prime factors of j(-4)?
11
Let r = 9 - 24. List the prime factors of (-96)/r + (-6)/(-10).
7
Suppose -5*d - 9 = -2*l, -4*l - 3*d - 8 - 13 = 0. List the prime factors of l/(-6)*3*10.
3, 5
Suppose -165 - 200 = -5*o. List the prime factors of o.
73
Suppose 4*t + 92 = 6*t. List the prime factors of -2*t/8*-4.
2, 23
Suppose -5*i + 3*c + 257 + 38 = 0, 0 = 2*i + c - 129. List the prime factors of i.
2, 31
Suppose -20 + 36 = 4*u. Suppose 2*r + 2*r = 200. Suppose -z + r = u*z. List the prime factors of z.
2, 5
Let t(m) = -1 - 2 + m**2 - 3*m + 2. Let i(w) = w**2 + 9*w + 12. Let j be i(-8). What are the prime factors of t(j)?
3
Let k be 2/(-4) + 75/6. Suppose -2*d - d - k = 0. Let n(h) = -2*h - 1. List the prime factors of n(d).
7
Suppose 3*t + r = 1, 0*t - t + 3*r = -17. Let z be 1 + 1 + 4 + -2. Suppose 0 = -2*b - 2*s + 20, -z*b + 2*s + 4 = -t*b. List the prime factors of b.
2, 3
Let c be 0 + 0 + (0 - -3). Suppose 0 = c*j, 0 = -2*m + 7*m + j - 130. List the prime factors of m.
2, 13
Suppose -5*h + 52 = -3*h. List the prime factors of h.
2, 13
Suppose 6*g = 5*g + 5. Suppose 5*s + g*a = 15, -s = 2*s - 2*a - 24. Suppose 2*m - s - 20 = 0. What are the prime factors of m?
13
Let a(b) = 7*b + 8. Let x(k) = -36*k - 40. Let f(g) = 16*a(g) + 3*x(g). List the prime factors of f(8).
2, 5
Let y(d) = -4*d - 2. Let r be y(-1). Suppose -z + 5*i = 11, r*z - 4 - 26 = -3*i. What are the prime factors of z?
3
Let s be (42/(-18))/(1/(-3)). Suppose 3*g + s = a, -a - 2*a - 4*g + 73 = 0. What are the prime factors of a?
19
Suppose -3*d + 5*b = 2*b - 165, -5*b + 238 = 4*d. What are the prime factors of d?
3, 19
Let i be 6/9*(-57)/(-2). Suppose -32 = -4*h - 2*p, 0*p + p + 20 = 2*h. Let y = i - h. What are the prime factors of y?
2, 5
Let t = 36 + -26. What are the prime factors of t?
2, 5
Suppose -2*m = f + 6, -f + 15 = 2*m - 7*m. Let d = 14 + m. List the prime factors of d.
11
Let l(q) = 14*q + 13. What are the prime factors of l(11)?
167
Suppose 189 = 3*t + 4*t. List the prime factors of t.
3
Let j = 141 - 132. What are the prime factors of j?
3
Let z = 221 - 145. List the prime factors of z.
2, 19
Let d(s) = -4 - s**3 + 3*s - 4*s**2 + 2*s + 0. Let b be d(-5). Let u = b - -13. What are the prime factors of u?
3
Suppose 5*r + 38 = -27. List the prime factors of (-65)/r*8/10.
2
Suppose -3*u = 3*v + 10 - 34, -4*v + 8 = -2*u. Let b = v + -1. Suppose -8 = -b*z + 13. What are the prime factors of z?
7
Suppose q - 1 = 4, 368 = -3*c - 2*q. List the prime factors of c/(-30)*(-10)/(-2).
3, 7
Let i be (-1)/3*-3*4. Suppose 2*g + 9 = h, 3*h + 5 = 2*g - i*g. List the prime factors of 1/h - 2/(-1).
3
Suppose l = -2*y - 2*l, 0 = -4*l + 16. Let i be (-81)/6*(1 - 3). What are the prime factors of 12/(-8) - i/y?
3
Suppose -5*f + 17 + 113 = 0. List the prime factors of f.
2, 13
Suppose 19*m = 18*m + 29. List the prime factors of m.
29
Let w(d) = -18*d**2 + 18*d - 18. Let h(r) = r - 1. Let x(y) = 18*h(y) - w(y). What are the prime factors of x(-1)?
2, 3
List the prime factors of (44 - -2)/(5/10).
2, 23
Let m = 8 - 4. Suppose 7*x + 9 = 3*t + m*x, 5*t - 43 = -2*x. List the prime factors of t.
7
Suppose -2*k + 2 = 0, -2*z - 5*k = z - 164. List the prime factors of z.
53
Let t(q) be the first derivative of -q**4/4 - 3*q**3 - 3*q**2/2 - 11*q + 1. List the prime factors of t(-9).
2
Let j(a) = -a + 9. Let z be j(